s of i?
263
Suppose 0 = k - 2, 20*q + k + 15808 = 23*q. List the prime factors of q.
2, 5, 17, 31
Let d be ((-4)/6)/(1/(-15)). List the prime factors of d*(180/25 + -2).
2, 13
Let y(v) be the first derivative of 8 + 5*v + 3/2*v**2 + 4/3*v**3. List the prime factors of y(-2).
3, 5
Let f(j) = j - 1. Let d(k) = 5*k + 3. Let v(a) = d(a) - 4*f(a). Let w be v(-7). Suppose -i = -w - 17. What are the prime factors of i?
17
Suppose 399 = 5*m - 4*m + 4*j, 0 = -3*m - 4*j + 1221. List the prime factors of m.
3, 137
What are the prime factors of (6358/(-8))/(14/(-56))?
11, 17
Let f = -538 + 1419. What are the prime factors of f?
881
List the prime factors of (-11)/((1/(-3))/(804/36)).
11, 67
Let d(n) = 24*n**3 - n**2 + 2*n - 1. Let k be d(1). Let w = k - 93. List the prime factors of 2 + -5 + w/(-3).
2, 5
Let p = 473 + 459. Let m be p/28 - (-4)/(-14). Suppose -5*q - 1 - 4 = 0, 3*q - m = -2*j. List the prime factors of j.
2, 3
Suppose -2*w + 2 = -34. Let k(g) = -g - 2*g + 3*g + w - g. What are the prime factors of k(0)?
2, 3
Let w = -54 - -86. Suppose b - 42 = w. List the prime factors of b.
2, 37
Let l(z) = -7*z**3 + 7*z**2 + 15*z - 3. Let k be l(-5). Suppose k = 4*m + 4*d + 80, 3 = d. What are the prime factors of m?
2, 5, 11
List the prime factors of 1077*(-6)/(-8) + 31/124.
2, 101
Let q = -142 + 132. List the prime factors of ((-35)/q)/(-3 + 19/6).
3, 7
Let s(g) = 3*g + 50. Let w be s(-15). Suppose z + z - 2 = 0, 4*z + 426 = w*n. List the prime factors of n.
2, 43
Let z be -196 + (-2 + 2)*-1. Let l = -65 - z. Suppose -4*m + 3*o + l = 0, 0 = 4*m + o - 18 - 93. List the prime factors of m.
29
Let g = 1215 - 671. List the prime factors of g.
2, 17
List the prime factors of (60/(-16))/((-35)/168).
2, 3
Let u(s) = 3*s**2 - 17*s + 171. List the prime factors of u(19).
7, 19
Let t = -62 + 531. List the prime factors of t.
7, 67
Suppose 14 = 3*s + 4*y, -2*s - 2*s = 5*y - 17. Let w be 4 + 3 + (s - 1). Suppose -5*g = -f - 143, -2*g + w*g - 50 = 4*f. List the prime factors of g.
29
Let d be (-320)/(-6) - (-8)/12. Let m = d - 30. Suppose -2*i = -0*i - m. List the prime factors of i.
2, 3
Let m = -666 + 1158. What are the prime factors of m?
2, 3, 41
Suppose -3*z + 319 = -2*u, -3*u - u + 307 = 3*z. Suppose q + 5 - 20 = -b, 5*b - q - z = 0. What are the prime factors of b?
2, 5
Suppose 0 = 11*i + i - 7644. List the prime factors of i.
7, 13
Let z(p) = -14*p**3 + 16*p**2 + 55*p + 7. List the prime factors of z(-3).
2, 7, 13
Let f(g) = g**3 - 12*g**2 + 40. What are the prime factors of f(13)?
11, 19
Suppose 4*d = 3*k - 950, -4*k - 414 + 1679 = -5*d. List the prime factors of k.
2, 5, 31
Let y(c) = 3*c**2 - 14*c + 6. Suppose 4*l - 2 = 22. What are the prime factors of y(l)?
2, 3, 5
Suppose -g + 315 = 4*g. Let z = g + -114. Let w = z + 89. What are the prime factors of w?
2, 19
What are the prime factors of (0 - 2554/(-4)) + (-387)/774?
2, 11, 29
Let z be (5/(-20))/((-3)/24). Suppose z*b - 3*b = 2*j - 50, -3*b = -j + 11. What are the prime factors of j?
23
Let h = 975 + -505. List the prime factors of (52 - 53)/(2/h*-1).
5, 47
Let z = -429 + 785. What are the prime factors of z?
2, 89
Suppose 2*y - 1 = -3*l + 22, 0 = -2*y + 5*l - 17. Let m be 8*2/(y/(-3)). What are the prime factors of (-2)/(-8) - 141/m?
2, 3
Suppose -3*h + 24 = -0*h. Suppose -h*d + 343 = -d. What are the prime factors of d?
7
Suppose 2*v - 2*x = 204 - 4, 3*v = x + 308. Let g be v/16*1*6. Suppose 0*n = -b - n + g, 0 = -5*b - 4*n + 197. What are the prime factors of b?
41
Let g(o) = o**3 + 6*o**2 + o + 9. Let m be g(-6). Let x be m - (-9)/3 - 2. Suppose s = x*r - 92 - 71, 0 = 5*r - s - 204. List the prime factors of r.
41
Suppose -60 = 16*b - 22*b. Let h(k) = -k**2 - 3*k + 5. Let f be h(-5). Let u = b - f. List the prime factors of u.
3, 5
Let o = -26 - -30. Suppose -o*j - 135 - 5 = 0. Let d = 5 - j. What are the prime factors of d?
2, 5
Let f = 3121 + 2612. What are the prime factors of f?
3, 7, 13
Let r = 11 + -6. Suppose 0*f - 245 = -r*f. Suppose -j + 0*i + f = 3*i, -j + 3*i = -43. List the prime factors of j.
2, 23
Let a = -1875 + 3313. What are the prime factors of a?
2, 719
Let x(t) = 6*t**2 + 28*t - 41. What are the prime factors of x(-12)?
487
What are the prime factors of -1*2076/(-9)*24?
2, 173
Suppose -c - 34 = -o, -c - 54 = -0*c - 5*o. Suppose -3*v + 30 = 72. Let s = v - c. List the prime factors of s.
3, 5
Let t = -1200 + 1695. What are the prime factors of t?
3, 5, 11
Suppose 66*a - 14546 - 832 = 0. What are the prime factors of a?
233
Suppose -245 = -8*y + 7*y. Let w = y - 174. What are the prime factors of w?
71
Let s = -202 - -394. Let b = -123 + s. List the prime factors of b.
3, 23
Let c(g) = g**3 + 20*g**2 - 45*g + 57. List the prime factors of c(-20).
3, 11, 29
Suppose 2*y - 3 = -2*x + 5*y, -3*x - 2*y = -24. Let v(k) = 25*k + 7. List the prime factors of v(x).
157
Let o(s) = 88*s**2 - 3*s + 14. List the prime factors of o(-6).
2, 5
Let g = 469 + 60. List the prime factors of g.
23
Let c = -30 - -34. Suppose -5*h = -2*x + 98, 4*h + 56 = -3*x - c. Let w(n) = -2*n - 20. List the prime factors of w(h).
2
Let o = 815 + -499. List the prime factors of o.
2, 79
Suppose 0 = -29*c + 18231 + 12828. What are the prime factors of c?
3, 7, 17
Suppose -5*i - 10 = -5*a, 0*i - 10 = -3*a + 5*i. Suppose a = p - 33 + 3. What are the prime factors of p?
2, 3, 5
Suppose h - 5*r = -5, -3*r = -2*h - 0*r - 3. Suppose -2*v - 218 = -2*y, -2*v - 4 = -h*v. Let o = y - 63. List the prime factors of o.
2, 11
Suppose -21 = 4*h - 89. Let d be -1 + 1 + h + -104. List the prime factors of (-5)/(-20) - d/4.
2, 11
Let c = -1137 + 2745. What are the prime factors of c?
2, 3, 67
Suppose 958*b + 1891 = 959*b. List the prime factors of b.
31, 61
Let d(b) = -b**3 + 13*b**2 - b + 17. Let u be d(13). Let v be u + (-1 - 2 - -1). Suppose v*j - 6 - 8 = 0. What are the prime factors of j?
7
Let f = -4 + 9. Let h = 5 - 2. Suppose h*t - 5*r - 113 = 0, -2*r - r = f*t - 245. What are the prime factors of t?
2, 23
Let t(r) = -r**3 - 2*r**2 - r + 4. Let u be t(0). Suppose 2*f - 6 = -0*o - 2*o, -u*f + o + 7 = 0. Suppose f*s = s + 50. What are the prime factors of s?
2, 5
What are the prime factors of 11/(-22)*-1554 + (-3 - -2)?
2, 97
Let h be 2/10 - 72/(-15). Suppose -1 = -4*j - h, 5*j + 38 = b. Suppose -39 = -3*n + b. What are the prime factors of n?
2, 3
List the prime factors of (154/63)/(-11) - 14008/(-18).
2, 389
Suppose 5*p - 5*j - 16 - 34 = 0, -3 = -3*j. Let c = p - -43. What are the prime factors of c?
2, 3
Let w(c) be the third derivative of -c**6/120 - c**5/10 + c**4/2 + 10*c**3/3 + 10*c**2. List the prime factors of w(-8).
2, 13
Let z(a) = a**2 + 5*a - 2. Let y be ((-4)/(-6))/((-1)/(-6)). Suppose -y = -l + 1. What are the prime factors of z(l)?
2, 3
Let d(i) = 38*i**2 - 12*i + 110. List the prime factors of d(6).
2, 19, 37
Let k be 1 - 3/(-6)*8. Suppose 0 = 4*x + 4*n - 48, 4*x - 18 = k*n - 3*n. What are the prime factors of x?
7
Let i = 1021 - -2117. List the prime factors of i.
2, 3, 523
Let g be (-15 - -20)*(-8)/(-10). List the prime factors of 149/g - 1/4.
37
Let z(q) = q**3 + q + 29. Let l = -15 + -2. Let f = l + 17. What are the prime factors of z(f)?
29
Suppose -u - 3*u + 199 = -3*n, 2*n - 36 = -u. Let p = -42 + u. What are the prime factors of p?
2
What are the prime factors of 1527*(4/(-6))/((-4)/2)?
509
Let z = 28 - 36. List the prime factors of (7 - 1)/(z/(-44)).
3, 11
Let u = 21 + -15. Suppose -u = 3*h - 3*j, h + j + 7 = 3*j. Suppose 0 = -2*r - 8, -4*v - h*r + 25 + 19 = 0. What are the prime factors of v?
2, 7
What are the prime factors of 23274/18 - (-12)/(-3)?
1289
Let b = -455 + 458. What are the prime factors of b?
3
Let m = -8 + 2. Let r(s) = s**2 - 7*s + 8. Let a be r(3). What are the prime factors of ((-1196)/(-39))/(a/m)?
2, 23
Let p be (-23 + 2)*(-18)/63. What are the prime factors of (-4)/p + (-74)/12*-4?
2, 3
Suppose 4*n - i + 1896 = 0, 2*n - 4*i + 224 + 724 = 0. Let g = -224 - n. Suppose g = 8*o - 3*o. What are the prime factors of o?
2, 5
Suppose t - 295 = -4*h + 4*t, 5*h = -3*t + 389. List the prime factors of ((-7)/(-2))/(-7)*h*-3.
2, 3, 19
Let s(w) = -w - 5. Let m be s(-10). Let q be m/3*(-9 - -45). Suppose 2*k - 10 = q. What are the prime factors of k?
5, 7
What are the prime factors of 8*(-63)